{"id":18,"date":"2016-06-13T12:05:20","date_gmt":"2016-06-13T10:05:20","guid":{"rendered":"http:\/\/opcina-caglin.hr\/arhiva\/?page_id=18"},"modified":"2024-01-18T14:39:44","modified_gmt":"2024-01-18T13:39:44","slug":"informacije","status":"publish","type":"page","link":"http:\/\/opcina-caglin.hr\/arhiva\/informacije\/","title":{"rendered":"INFORMACIJE"},"content":{"rendered":"<p style=\"text-align: center;\">Pravo na pristup informacijama i ponovnu uporabu informacija<\/p>\r\n<p style=\"text-align: center;\">Temeljem \u010dlanka 3. Zakona o pravu na pristup informacijama (\u00bbNarodne novine\u00ab, broj 25\/13) ure\u0111eno je pravo na pristup informacijama fizi\u010dkim i pravnim osobama putem otvorenosti i javnosti djelovanja tijela javne vlasti.<\/p>\r\n<p style=\"text-align: center;\">Pravo na pristup informacijama i ponovnu uporabu informacija obuhva\u0107a pravo korisnika na tra\u017eenje i dobivanje informacije kao i obvezu tijela javne vlasti da omogu\u0107i pristup zatra\u017eenoj informaciji, odnosno da objavljuje informacije neovisno o postavljenom zahtjevu kada takvo objavljivanje proizlazi iz obveze odre\u0111ene zakonom ili drugim propisom.<\/p>\r\n<p style=\"text-align: center;\">Pravo na pristup informacijama i ponovnu uporabu informacija ure\u0111eno je i ostvaruje se u skladu sa Zakonom o pravu na pristup informacijama (\u00bbNarodne novine\u00ab, broj 25\/13). Zakonom se propisuju na\u010dela prava na pristup informacijama i ponovnu uporabu informacija, ograni\u010denja prava na pristup informacijama i ponovnu uporabu informacija, postupak za ostvarivanje i za\u0161titu prava na pristup informacijama i ponovnu uporabu informacija.<\/p>\r\n<p style=\"text-align: center;\">Slu\u017ebenik za informiranje<\/p>\r\n<p style=\"text-align: center;\">Op\u0107ina \u010caglin javnost informira putem slu\u017ebene web stranice dokumentima i informacijama koje posjeduje i koji su javno dostupni u elektroni\u010dkom obliku i mogu\u0107e im je pristupiti bez upu\u0107ivanja posebnog zahtjeva, a pristup svim ostalim informacijama i dokumentima ostvaruje se podno\u0161enjem usmenog ili pisanog zahtjeva.<\/p>\r\n<p style=\"text-align: center;\">Pravo na pristup informacijama i ponovnu uporabu informacija ostvaruje se podno\u0161enjem zahtjeva slu\u017ebeniku za informiranje Op\u0107ine \u010caglin na sljede\u0107e mogu\u0107e na\u010dine:<\/p>\r\n<p style=\"text-align: center;\">\u00a0 \u00a0 putem telefona na broj: +385 (0)34 221 017<\/p>\r\n<p style=\"text-align: center;\">\u00a0\u00a0\u00a0 putem faksa na broj: +385 (0)34 221 127<\/p>\r\n<p style=\"text-align: center;\">\u00a0\u00a0\u00a0 elektroni\u010dkom po\u0161tom slu\u017ebeniku za informiranje: opcina-caglin@po.t-com.hr na obrascu Zahtjev za pristup informacijama \/ Zahtjev za dopunu ili ispravak informacije \/ Zahtjev za ponovnu uporabu informacija<\/p>\r\n<p style=\"text-align: center;\">\u00a0\u00a0\u00a0 po\u0161tom na adresu: Op\u0107ina \u010caglin, Kralja Tomislava 56 e, 34350 \u010caglin, na obrascu Zahtjev za pristup informacijama \/ Zahtjev za dopunu ili ispravak informacije \/ Zahtjev za ponovnu uporabu informacija<\/p>\r\n<p style=\"text-align: center;\">\u00a0\u00a0\u00a0 osobno na adresu: Op\u0107ina \u010caglin, Kralja Tomislava 56 e, 34350 \u010caglin, na obrascu Zahtjev za pristup informacijama \/ Zahtjev za dopunu ili ispravak informacije \/ Zahtjev za ponovnu uporabu informacija radnim danom od 07:00 do 15:00 sati.<\/p>\r\n<p style=\"text-align: center;\">Kliknite mi\u0161em za preuzimanje:<\/p>\r\n<p style=\"text-align: center;\"><a href=\"http:\/\/opcina-caglin.hr\/arhiva\/wp-content\/uploads\/2023\/08\/Upitnik-za-samoprocjenu-tjv.xls\">Upitnik za samoprocjenu tijela javne vlasti<\/a><\/p>\r\n<p style=\"text-align: center;\"><a href=\"http:\/\/opcina-caglin.hr\/arhiva\/wp-content\/uploads\/2016\/06\/Obrazac_2_Zahtjev_za_pristup_informacijama.doc\">Obrazac_2 Zahtjev_za_pristup_informacijama<\/a><\/p>\r\n<p style=\"text-align: center;\"><a href=\"http:\/\/opcina-caglin.hr\/arhiva\/wp-content\/uploads\/2016\/06\/Obrazac_3_Zahtjev_za_dopunu_ili_ispravak_informacije.doc\">Obrazac_3_Zahtjev_za_dopunu_ili_ispravak_informacije<\/a><\/p>\r\n<p style=\"text-align: center;\"><a href=\"http:\/\/opcina-caglin.hr\/arhiva\/wp-content\/uploads\/2016\/06\/Obrazac_4_Zahtjev_za_ponovnu_uporabu_informacija.doc\">Obrazac_4_Zahtjev_za_ponovnu_uporabu_informacija<\/a><\/p>\r\n<p style=\"text-align: center;\"><a href=\"http:\/\/opcina-caglin.hr\/arhiva\/wp-content\/uploads\/2016\/06\/Obrazac_12_Sluzbena-objava-na-web-stranici-i-kontakt-sluzbenika-za-informiranje.docx\">Obrazac_12_Sluzbena objava na web stranici i kontakt sluzbenika za informiranje<\/a><\/p>\r\n<p style=\"text-align: center;\"><a href=\"http:\/\/opcina-caglin.hr\/arhiva\/wp-content\/uploads\/2016\/06\/ODLUKA-O-CJENIKU-ZA-NAKANDU-PONOVNE-UPORABE-INFORMACIJA.pdf\">ODLUKA O CJENIKU ZA NAKANDU PONOVNE UPORABE INFORMACIJA<\/a><\/p>\r\n<p style=\"text-align: center;\">Slu\u017ebenik za informiranje:<\/p>\r\n<p style=\"text-align: center;\">Verica Brbli\u0107<\/p>\r\n<p style=\"text-align: center;\">Op\u0107ina \u010caglin, Kralja Tomislava 56 E, 34350 \u010caglin<\/p>\r\n<p style=\"text-align: center;\">Tel.: +385 (0)34 221 017<\/p>\r\n<p style=\"text-align: center;\">Fax: +385 (0)34 221 127<\/p>\r\n<p style=\"text-align: center;\">E-mail slu\u017ebenika za informiranje:\u00a0verica@opcina-caglin.hr\/arhiva, info@opcina-caglin.hr\/arhiva<\/p>\r\n<p style=\"text-align: center;\">Radno vrijeme slu\u017ebenika za informiranje: od 07:00 do 15:00 sati<\/p>\r\n<p style=\"text-align: center;\">Naknada za pristup informacijama<\/p>\r\n<p style=\"text-align: center;\">Op\u0107ina \u010caglin ima pravo na naknadu stvarnih materijalnih tro\u0161kova koji nastanu pru\u017eanjem informacije korisniku prava na pristup informacijama i ponovnu uporabu informacija, kao i na naknadu tro\u0161kova dostave tra\u017eene informacije, koja se napla\u0107uje sukladno Kriteriju za odre\u0111ivanje visine naknade stvarnih materijalnih tro\u0161kova i tro\u0161kova dostave informacije (dalje u tekstu: Kriterij) na temelju \u010dlanka 19. stavka 2. Zakona o pravu na pristup informacijama (\u00bbNarodne novine\u00ab, broj 25\/13).<\/p>\r\n<p style=\"text-align: center;\">Visina naknade stvarnih materijalnih tro\u0161kova odre\u0111uje se u sljede\u0107em iznosu:<\/p>\r\n<p style=\"text-align: center;\">\u00a0 \u00a0 preslik jedne stranice veli\u010dine A4 \u2013 0,25 kuna<\/p>\r\n<p style=\"text-align: center;\">\u00a0\u00a0\u00a0 preslik jedne stranice veli\u010dine A3 \u2013 0,50 kuna<\/p>\r\n<p style=\"text-align: center;\">\u00a0\u00a0\u00a0 preslik jedne stranice u boji veli\u010dine A4 \u2013 1,00 kuna<\/p>\r\n<p style=\"text-align: center;\">\u00a0\u00a0\u00a0 preslik jedne stranice u boji veli\u010dine A3 \u2013 1,60 kuna<\/p>\r\n<p style=\"text-align: center;\">\u00a0\u00a0\u00a0 elektroni\u010dki zapis na jednom CD-u \u2013 4,00 kuna<\/p>\r\n<p style=\"text-align: center;\">\u00a0\u00a0\u00a0 elektroni\u010dki zapis na jednom DVD-u \u2013 6,00 kuna<\/p>\r\n<p style=\"text-align: center;\">\u00a0\u00a0\u00a0 elektroni\u010dki zapis na memorijskoj kartici ovisno o koli\u010dini memorije \u2013 210 kuna za 64 GB, 150 kuna za 32 GB, 120 kuna za 16 GB, 50 kuna za 8 GB, 30 kuna za 4 GB.<\/p>\r\n<p style=\"text-align: center;\">\u00a0\u00a0\u00a0 pretvaranje jedne strane dokumenta iz fizi\u010dkog u elektroni\u010dki oblik \u2013 0,80 kuna<\/p>\r\n<p style=\"text-align: center;\">\u00a0\u00a0\u00a0 pretvaranje zapisa s videovrpce, audiokazete ili diskete u elektroni\u010dki zapis \u2013 1,00 kuna<\/p>\r\n<p style=\"text-align: center;\">Tro\u0161kovi dostave informacija obra\u010dunavaju se prema va\u017ee\u0107em cjeniku redovnih po\u0161tanskih usluga.<\/p>\r\n<p style=\"text-align: center;\">NAPOMENA:<\/p>\r\n<p style=\"text-align: center;\">Visinu naknade stvarnih materijalnih tro\u0161kova za usluge koje nisu navedene u Kriteriju, tijelo javne vlasti odre\u0111uje na na\u010din da u visinu naknade zara\u010duna prosje\u010dnu tr\u017ei\u0161nu cijenu za uslugu, tro\u0161ak amortizacije koje ima tijelo javne vlasti te tro\u0161ak po\u0161tanskih usluga. Tro\u0161kovi dostave informacija obra\u010dunavaju se prema va\u017ee\u0107em cjeniku po\u0161tanskih usluga. Korisnik prava na informaciju treba unaprijed u cijelosti polo\u017eiti o\u010dekivani iznos stvarnih materijalnih tro\u0161kova. U slu\u010daju da korisnik prava na informaciju u roku ne polo\u017ei navedeni iznos, smatrat \u0107e se da je korisnik prava na informaciju odustao od zahtjeva. Op\u0107ina \u010caglin izdat \u0107e korisniku prava na informaciju ra\u010dun prema visini naknade odre\u0111enom u Kriteriju.<\/p>\r\n<p style=\"text-align: center;\">Pravo na pristup informacijama ure\u0111uju Op\u0107i propisi<\/p>\r\n<p style=\"text-align: center;\">Zakon o pravu na pristup informacijama (\u00bbNarodne novine\u00ab, broj 25\/13),<\/p>\r\n<p style=\"text-align: center;\">Zakon o za\u0161titi osobnih podataka (\u00bbNarodne novine\u00ab, broj 103\/03, 118\/06, 41\/08, 130\/11, 106\/12),<\/p>\r\n<p style=\"text-align: center;\">Zakon o tajnosti podataka (\u00bbNarodne novine\u00ab, broj 79\/07, 86\/12),<\/p>\r\n<p style=\"text-align: center;\">Zakon o za\u0161titi tajnosti podataka (\u00bbNarodne novine\u00ab, broj 108\/96, 79\/07),<\/p>\r\n<p style=\"text-align: center;\">Zakon o medijima (\u00bbNarodne novine\u00ab, broj 59\/04, 84\/11, 81\/13),<\/p>\r\n<p style=\"text-align: center;\">Zakon o arhivskom gradivu i arhivima (\u00bbNarodne novine\u00ab, broj 105\/97, 64\/00, 65\/09, 144\/12),<\/p>\r\n<p style=\"text-align: center;\">Zakon o sustavu dr\u017eavne uprave u odnosima uprave i gra\u0111ana (\u00bbNarodne novine\u00ab, broj 150\/11, 12\/13),<\/p>\r\n<p style=\"text-align: center;\">Pravilnik o Sredi\u0161njem katalogu slu\u017ebenih dokumenata Republike Hrvatske (\u00bbNarodne novine\u00ab, broj 83\/14),<\/p>\r\n<p style=\"text-align: center;\">Pravilnik o ustroju, sadr\u017eaju i na\u010dinu vo\u0111enja slu\u017ebenog Upisnika o ostvarivanju prava na pristup informacijama i ponovnu uporabu informacija (\u00bbNarodne novine\u00ab, broj 83\/14),<\/p>\r\n<p style=\"text-align: center;\">Kriterij za odre\u0111ivanje visine naknadne stvarnih materijalnih tro\u0161kova i tro\u0161kova dostave informacije (\u00bbNarodne novine\u00ab, broj 12\/14),<\/p>\r\n<p style=\"text-align: center;\">Popis tijela javne vlasti za 2010. godinu (\u00bbNarodne novine\u00ab, broj 19\/10).<\/p>\r\n<p style=\"text-align: center;\">PROPISI EU<\/p>\r\n<p style=\"text-align: center;\">Direktiva 2003\/98\/EZ Europskog parlamenta i Vije\u0107a od 17. studenog 2003. o ponovnoj uporabi informacija javnog sektora,<\/p>\r\n<p style=\"text-align: center;\">Uredba 1049\/2001 Europskog parlamenta i Vije\u0107a od 30. svibnja 2001. o javnom pristupu dokumentima Europskog parlamenta, Vije\u0107a i Komisije.<\/p>\r\n<p style=\"text-align: center;\">INTERNI AKTI<\/p>\r\n<p style=\"text-align: center;\">Odluka o imenovanju slu\u017ebenika za informiranje,<\/p>\r\n<p style=\"text-align: center;\">Odluka o ustrojavanju slu\u017ebenog Upisnika o ostvarivanju prava na pristup informacijama,<\/p>\r\n<p style=\"text-align: center;\">Pravilnik o pristupu informacijama i ponovnu uporabu informacija Op\u0107ine \u010caglin,<\/p>\r\n<p style=\"text-align: center;\">Slu\u017ebeni Upisnik o zahtjevima, postupcima i odlukama o ostvarivanju prava na pristup informacijama i ponovnu uporabu informacija,<\/p>\r\n<p style=\"text-align: center;\">Zahtjev za pristup informacijama,<\/p>\r\n<p style=\"text-align: center;\">Zahtjev za dopunu ili ispravak informacije,<\/p>\r\n<p style=\"text-align: center;\">Zahtjev za ponovnu uporabu informacija.<\/p>\r\n<p style=\"text-align: center;\">IZVJE\u0160\u0106A<\/p>\r\n<p style=\"text-align: center;\">Izvje\u0161\u0107e o provedbi Zakona o pravu na pristup informacijama za 2014. godinu<\/p>\r\n<p style=\"text-align: center;\">Izvje\u0161\u0107e o provedbi Zakona o pravu na pristup informacijama za 2013. godinu<\/p>\r\n<p style=\"text-align: center;\">Izvje\u0161\u0107e o provedbi Zakona o pravu na pristup informacijama za 2012. godinu<\/p>\r\n<p style=\"text-align: center;\">Izvje\u0161\u0107e o provedbi Zakona o pravu na pristup informacijama za 2011. godinu<\/p>\r\n<p style=\"text-align: center;\"><a href=\"http:\/\/opcina-caglin.hr\/arhiva\/wp-content\/uploads\/2016\/06\/Godisnje_izvjesce1.pdf\">Godi\u0161nje izvje\u0161\u0107e za 2018<\/a><\/p>\r\n<p style=\"text-align: center;\"><a href=\"http:\/\/opcina-caglin.hr\/arhiva\/wp-content\/uploads\/2016\/06\/Godisnje_izvjesce.pdf\">Godi\u0161nje izvje\u0161\u0107e za 2019<\/a><\/p>\r\n\r\n<p class=\"has-text-align-center\" style=\"text-align: center;\"><a href=\"http:\/\/opcina-caglin.hr\/arhiva\/wp-content\/uploads\/2021\/01\/Godisnje_izvjesce.pdf\">Godi\u0161nje izvje\u0161\u0107e za 2020<\/a><br \/><br \/><a href=\"http:\/\/opcina-caglin.hr\/arhiva\/wp-content\/uploads\/2022\/01\/Godisnje_izvjesce.pdf\">Godi\u0161nje izvje\u0161\u0107e za 2021<\/a><\/p>\r\n<p style=\"text-align: center;\"><a href=\"http:\/\/opcina-caglin.hr\/arhiva\/wp-content\/uploads\/2024\/01\/Godisnje_izvjesce-4.pdf\">Godi\u0161nje izvje\u0161\u0107e za 2023.<\/a><\/p>\r\n","protected":false},"excerpt":{"rendered":"<p>Pravo na pristup informacijama i ponovnu uporabu informacija Temeljem \u010dlanka 3. Zakona o pravu na pristup informacijama (\u00bbNarodne novine\u00ab, broj 25\/13) ure\u0111eno je pravo na pristup informacijama fizi\u010dkim i pravnim osobama putem otvorenosti i javnosti djelovanja tijela javne vlasti. Pravo na pristup informacijama i ponovnu uporabu informacija obuhva\u0107a pravo korisnika na tra\u017eenje i dobivanje informacije [&hellip;]<\/p>\n","protected":false},"author":1,"featured_media":0,"parent":0,"menu_order":0,"comment_status":"closed","ping_status":"closed","template":"","meta":[],"_links":{"self":[{"href":"http:\/\/opcina-caglin.hr\/arhiva\/wp-json\/wp\/v2\/pages\/18"}],"collection":[{"href":"http:\/\/opcina-caglin.hr\/arhiva\/wp-json\/wp\/v2\/pages"}],"about":[{"href":"http:\/\/opcina-caglin.hr\/arhiva\/wp-json\/wp\/v2\/types\/page"}],"author":[{"embeddable":true,"href":"http:\/\/opcina-caglin.hr\/arhiva\/wp-json\/wp\/v2\/users\/1"}],"replies":[{"embeddable":true,"href":"http:\/\/opcina-caglin.hr\/arhiva\/wp-json\/wp\/v2\/comments?post=18"}],"version-history":[{"count":5,"href":"http:\/\/opcina-caglin.hr\/arhiva\/wp-json\/wp\/v2\/pages\/18\/revisions"}],"predecessor-version":[{"id":4159,"href":"http:\/\/opcina-caglin.hr\/arhiva\/wp-json\/wp\/v2\/pages\/18\/revisions\/4159"}],"wp:attachment":[{"href":"http:\/\/opcina-caglin.hr\/arhiva\/wp-json\/wp\/v2\/media?parent=18"}],"curies":[{"name":"wp","href":"https:\/\/api.w.org\/{rel}","templated":true}]}}