{"id":1500,"date":"2018-10-24T08:45:21","date_gmt":"2018-10-24T06:45:21","guid":{"rendered":"http:\/\/opcina-caglin.hr\/arhiva\/?page_id=1500"},"modified":"2020-10-30T15:18:20","modified_gmt":"2020-10-30T14:18:20","slug":"gdpr-zastita-osobnih-podataka","status":"publish","type":"page","link":"http:\/\/opcina-caglin.hr\/arhiva\/gdpr-zastita-osobnih-podataka\/","title":{"rendered":"GDPR- za\u0161tita osobnih podataka"},"content":{"rendered":"<ul>\n<li><a href=\"http:\/\/opcina-caglin.hr\/arhiva\/wp-content\/uploads\/2018\/10\/ZAHTJEV-ispitanika-na-ispravak.doc\">ZAHTJEV ispitanika na ispravak<\/a><\/li>\n<li><a href=\"http:\/\/opcina-caglin.hr\/arhiva\/wp-content\/uploads\/2018\/10\/ZAHTJEV-ispitanika-na-pristup.doc\">ZAHTJEV ispitanika na pristup<\/a><\/li>\n<li><a href=\"http:\/\/opcina-caglin.hr\/arhiva\/wp-content\/uploads\/2018\/10\/ZAHTJEV-ispitanika-o-povlacenju-privole.doc\">ZAHTJEV ispitanika o povlacenju privole<\/a><\/li>\n<li><a href=\"http:\/\/opcina-caglin.hr\/arhiva\/wp-content\/uploads\/2018\/10\/ZAHTJEV-ispitanika-za-pravo-na-brisanje-pravo-na-zaborav.doc\">ZAHTJEV ispitanika za pravo na brisanje (pravo na zaborav)<\/a><\/li>\n<li><a href=\"http:\/\/opcina-caglin.hr\/arhiva\/wp-content\/uploads\/2018\/10\/ZAHTJEV-ispitanika-za-pravo-na-ogranicenje-obrade.doc\">ZAHTJEV ispitanika za pravo na ogranicenje obrade<\/a><\/li>\n<li><a href=\"http:\/\/opcina-caglin.hr\/arhiva\/wp-content\/uploads\/2018\/10\/ZAHTJEV-ispitanika-za-pravo-na-prigovor.doc\">ZAHTJEV ispitanika za pravo na prigovor<\/a><\/li>\n<\/ul>\n<p>&nbsp;<\/p>\n<ul>\n<li><a href=\"http:\/\/opcina-caglin.hr\/arhiva\/wp-content\/uploads\/2018\/10\/odluka-o-imenovanju-slu\u017ebenice-za-za\u0161titu-osobnih-podataka.pdf\">Odluka o imenovanju slu\u017ebenice za za\u0161titu osobnih podataka<\/a><\/li>\n<li><a href=\"http:\/\/opcina-caglin.hr\/arhiva\/wp-content\/uploads\/2018\/10\/Pravilnik-o-prikupljanju-obradikori\u0161tenju-i-za\u0161titi-osobnih-podataka.pdf\">Pravilnik o prikupljanju , obradi, kori\u0161tenju i za\u0161titi osobnih podataka<\/a><\/li>\n<\/ul>\n<p><a href=\"http:\/\/opcina-caglin.hr\/arhiva\/wp-content\/uploads\/2020\/10\/\u010daglin.docx\">Pristupa\u010dnost mre\u017ei web stranice<\/a><\/p>\n","protected":false},"excerpt":{"rendered":"<p>ZAHTJEV ispitanika na ispravak ZAHTJEV ispitanika na pristup ZAHTJEV ispitanika o povlacenju privole ZAHTJEV ispitanika za pravo na brisanje (pravo na zaborav) ZAHTJEV ispitanika za pravo na ogranicenje obrade ZAHTJEV ispitanika za pravo na prigovor &nbsp; Odluka o imenovanju slu\u017ebenice za za\u0161titu osobnih podataka Pravilnik o prikupljanju , obradi, kori\u0161tenju i za\u0161titi osobnih podataka Pristupa\u010dnost [&hellip;]<\/p>\n","protected":false},"author":1,"featured_media":0,"parent":0,"menu_order":0,"comment_status":"closed","ping_status":"closed","template":"","meta":[],"_links":{"self":[{"href":"http:\/\/opcina-caglin.hr\/arhiva\/wp-json\/wp\/v2\/pages\/1500"}],"collection":[{"href":"http:\/\/opcina-caglin.hr\/arhiva\/wp-json\/wp\/v2\/pages"}],"about":[{"href":"http:\/\/opcina-caglin.hr\/arhiva\/wp-json\/wp\/v2\/types\/page"}],"author":[{"embeddable":true,"href":"http:\/\/opcina-caglin.hr\/arhiva\/wp-json\/wp\/v2\/users\/1"}],"replies":[{"embeddable":true,"href":"http:\/\/opcina-caglin.hr\/arhiva\/wp-json\/wp\/v2\/comments?post=1500"}],"version-history":[{"count":5,"href":"http:\/\/opcina-caglin.hr\/arhiva\/wp-json\/wp\/v2\/pages\/1500\/revisions"}],"predecessor-version":[{"id":2703,"href":"http:\/\/opcina-caglin.hr\/arhiva\/wp-json\/wp\/v2\/pages\/1500\/revisions\/2703"}],"wp:attachment":[{"href":"http:\/\/opcina-caglin.hr\/arhiva\/wp-json\/wp\/v2\/media?parent=1500"}],"curies":[{"name":"wp","href":"https:\/\/api.w.org\/{rel}","templated":true}]}}