{"id":1074,"date":"2018-01-17T12:09:35","date_gmt":"2018-01-17T11:09:35","guid":{"rendered":"http:\/\/opcina-caglin.hr\/arhiva\/?page_id=1074"},"modified":"2023-11-20T14:59:37","modified_gmt":"2023-11-20T13:59:37","slug":"natjecaji-i-javni-pozivi","status":"publish","type":"page","link":"http:\/\/opcina-caglin.hr\/arhiva\/natjecaji-i-javni-pozivi\/","title":{"rendered":"Natje\u010daji i javni pozivi"},"content":{"rendered":"<p><strong>Javni poziv za dodjelu potpora za 2023. godinu iz Programa poticanja razvoja gospodarstva na podru\u010dju Op\u0107ine \u010caglin za 2023. godinu<\/strong><\/p>\n<p><a href=\"http:\/\/opcina-caglin.hr\/arhiva\/wp-content\/uploads\/2023\/11\/JAVNI-POZIV-ZA-DODJELU-POTPORA-ZA-2023._20231120_0001.pdf\">Javni poziv za dodjelu potpora za 2023. godinu<\/a><\/p>\n<p><a href=\"http:\/\/opcina-caglin.hr\/arhiva\/wp-content\/uploads\/2023\/11\/3-Obrazac.docx\">Obrazac<\/a><\/p>\n<p><a href=\"http:\/\/opcina-caglin.hr\/arhiva\/wp-content\/uploads\/2023\/11\/4-IZJAVA-1-Izjava-o-koristenim-potporama-male-vrijednosti.docx\">Izjava o kori\u0161tenim potporama male vrijednosti<\/a><\/p>\n<p><a href=\"http:\/\/opcina-caglin.hr\/arhiva\/wp-content\/uploads\/2023\/11\/5-IZJAVA-2-Izjava-o-povezanim-subjektima-i-koristenim-potporama-male-vrijednosti-povezanih-drustava.docx\">Izjava o povezanim subjektima i kori\u0161tenim potporama male vrijednosti povezanih dru\u0161tava<\/a><\/p>\n<p><a href=\"http:\/\/opcina-caglin.hr\/arhiva\/wp-content\/uploads\/2023\/11\/6-IZJAVA-3-Skupna-izjava.docx\">Skupna izjava<\/a><\/p>\n<p><a href=\"http:\/\/opcina-caglin.hr\/arhiva\/wp-content\/uploads\/2023\/11\/7-Nacrt-ugovora.docx\"> Nacrt ugovora<\/a><\/p>\n","protected":false},"excerpt":{"rendered":"<p>Javni poziv za dodjelu potpora za 2023. godinu iz Programa poticanja razvoja gospodarstva na podru\u010dju Op\u0107ine \u010caglin za 2023. godinu Javni poziv za dodjelu potpora za 2023. godinu Obrazac Izjava o kori\u0161tenim potporama male vrijednosti Izjava o povezanim subjektima i kori\u0161tenim potporama male vrijednosti povezanih dru\u0161tava Skupna izjava Nacrt ugovora<\/p>\n","protected":false},"author":1,"featured_media":0,"parent":0,"menu_order":0,"comment_status":"closed","ping_status":"closed","template":"","meta":[],"_links":{"self":[{"href":"http:\/\/opcina-caglin.hr\/arhiva\/wp-json\/wp\/v2\/pages\/1074"}],"collection":[{"href":"http:\/\/opcina-caglin.hr\/arhiva\/wp-json\/wp\/v2\/pages"}],"about":[{"href":"http:\/\/opcina-caglin.hr\/arhiva\/wp-json\/wp\/v2\/types\/page"}],"author":[{"embeddable":true,"href":"http:\/\/opcina-caglin.hr\/arhiva\/wp-json\/wp\/v2\/users\/1"}],"replies":[{"embeddable":true,"href":"http:\/\/opcina-caglin.hr\/arhiva\/wp-json\/wp\/v2\/comments?post=1074"}],"version-history":[{"count":2,"href":"http:\/\/opcina-caglin.hr\/arhiva\/wp-json\/wp\/v2\/pages\/1074\/revisions"}],"predecessor-version":[{"id":4037,"href":"http:\/\/opcina-caglin.hr\/arhiva\/wp-json\/wp\/v2\/pages\/1074\/revisions\/4037"}],"wp:attachment":[{"href":"http:\/\/opcina-caglin.hr\/arhiva\/wp-json\/wp\/v2\/media?parent=1074"}],"curies":[{"name":"wp","href":"https:\/\/api.w.org\/{rel}","templated":true}]}}