{"id":1062,"date":"2018-01-17T09:48:42","date_gmt":"2018-01-17T08:48:42","guid":{"rendered":"http:\/\/opcina-caglin.hr\/arhiva\/?page_id=1062"},"modified":"2023-07-27T13:11:15","modified_gmt":"2023-07-27T11:11:15","slug":"jedinstveni-upravni-odjel","status":"publish","type":"page","link":"http:\/\/opcina-caglin.hr\/arhiva\/jedinstveni-upravni-odjel\/","title":{"rendered":"Jedinstveni upravni odjel"},"content":{"rendered":"<p style=\"text-align: center;\"><strong>RADNO VRIJEME OP\u0106INE \u010cAGLIN<\/strong><\/p>\n<p style=\"text-align: center;\">PONEDJELJAK-PETAK<\/p>\n<p style=\"text-align: center;\">07.00-15.00h<\/p>\n<p style=\"text-align: center;\">TELEFON OP\u0106INE \u010cAGLIN:<\/p>\n<p style=\"text-align: center;\">034\/221-017<\/p>\n<p style=\"text-align: center;\">FAX: 034\/221-127<\/p>\n<p style=\"text-align: center;\">SLU\u017dBENI MAIL OP\u0106INE \u010cAGLIN:<\/p>\n<p style=\"text-align: center;\">info@opcina-caglin.hr\/arhiva<\/p>\n<p style=\"text-align: center;\">opcina-caglin@po.t-com.hr<\/p>\n<p>&nbsp;<\/p>\n<ol>\n<li style=\"text-align: center;\">1. Domagoj Pavi\u0107, mag. iur. &#8211; Pro\u010delnik JUO Op\u0107ine \u010caglin\n<p style=\"font-weight: 400;\">Kralja Tomislava 56e<br \/>\n\u010caglin<br \/>\nmob: 099\/3000-750<br \/>\ne-mail: <a href=\"procelnik@opcina-caglin.hr\/arhiva\">procelnik@opcina-caglin.hr\/arhiva<\/a><\/p>\n<\/li>\n<\/ol>\n<p style=\"text-align: center;\">2.Verica Brbli\u0107- referenet za op\u0107e poslove, tel: 099\/221 0177 mail: verica@opcina-caglin.hr\/arhiva<\/p>\n<p style=\"text-align: center;\">slu\u017ebenica za informiranje<\/p>\n<p style=\"text-align: center;\">3.Marina \u0160tinc \u2013 referent za financije, tel:091\/221 0177 mail: marina@opcina-caglin.hr\/arhiva<\/p>\n<p style=\"text-align: center;\">zamjenica slu\u017ebenice za informiranje<\/p>\n<p style=\"text-align: center;\">4.Vladimir Knatek-referent za komunalno gospodarstvo i komunalni redar tel:099\/3706960, e-mail:vladimir@opcina-caglin.<wbr \/>hr<\/p>\n<p style=\"text-align: center;\">\u00a0i osoba zadu\u017eena za nepravilnosti<\/p>\n","protected":false},"excerpt":{"rendered":"<p>RADNO VRIJEME OP\u0106INE \u010cAGLIN PONEDJELJAK-PETAK 07.00-15.00h TELEFON OP\u0106INE \u010cAGLIN: 034\/221-017 FAX: 034\/221-127 SLU\u017dBENI MAIL OP\u0106INE \u010cAGLIN: info@opcina-caglin.hr\/arhiva opcina-caglin@po.t-com.hr &nbsp; 1. Domagoj Pavi\u0107, mag. iur. &#8211; Pro\u010delnik JUO Op\u0107ine \u010caglin Kralja Tomislava 56e \u010caglin mob: 099\/3000-750 e-mail: procelnik@opcina-caglin.hr\/arhiva 2.Verica Brbli\u0107- referenet za op\u0107e poslove, tel: 099\/221 0177 mail: verica@opcina-caglin.hr\/arhiva slu\u017ebenica za informiranje 3.Marina \u0160tinc \u2013 referent [&hellip;]<\/p>\n","protected":false},"author":1,"featured_media":0,"parent":0,"menu_order":0,"comment_status":"closed","ping_status":"closed","template":"","meta":[],"_links":{"self":[{"href":"http:\/\/opcina-caglin.hr\/arhiva\/wp-json\/wp\/v2\/pages\/1062"}],"collection":[{"href":"http:\/\/opcina-caglin.hr\/arhiva\/wp-json\/wp\/v2\/pages"}],"about":[{"href":"http:\/\/opcina-caglin.hr\/arhiva\/wp-json\/wp\/v2\/types\/page"}],"author":[{"embeddable":true,"href":"http:\/\/opcina-caglin.hr\/arhiva\/wp-json\/wp\/v2\/users\/1"}],"replies":[{"embeddable":true,"href":"http:\/\/opcina-caglin.hr\/arhiva\/wp-json\/wp\/v2\/comments?post=1062"}],"version-history":[{"count":5,"href":"http:\/\/opcina-caglin.hr\/arhiva\/wp-json\/wp\/v2\/pages\/1062\/revisions"}],"predecessor-version":[{"id":3907,"href":"http:\/\/opcina-caglin.hr\/arhiva\/wp-json\/wp\/v2\/pages\/1062\/revisions\/3907"}],"wp:attachment":[{"href":"http:\/\/opcina-caglin.hr\/arhiva\/wp-json\/wp\/v2\/media?parent=1062"}],"curies":[{"name":"wp","href":"https:\/\/api.w.org\/{rel}","templated":true}]}}