{"id":1060,"date":"2018-01-17T09:47:47","date_gmt":"2018-01-17T08:47:47","guid":{"rendered":"http:\/\/opcina-caglin.hr\/arhiva\/?page_id=1060"},"modified":"2021-06-25T12:02:20","modified_gmt":"2021-06-25T10:02:20","slug":"opcinski-vjecnici","status":"publish","type":"page","link":"http:\/\/opcina-caglin.hr\/arhiva\/opcinski-vjecnici\/","title":{"rendered":"Op\u0107inski vje\u0107nici"},"content":{"rendered":"<p style=\"text-align: center;\"><strong>Sastav op\u0107inskog vije\u0107a :<\/strong><\/p>\n<p style=\"text-align: center;\">1.\u017deljko \u0160uti\u0107,\u00a0\u00a0 HDZ\u00a0\u00a0\u00a0\u00a0\u00a0\u00a0 -predsjednik Op\u0107inskog vije\u0107a<\/p>\n<p style=\"text-align: center;\">2.Vera Gavran\u00a0 HDZ\u00a0\u00a0\u00a0\u00a0\u00a0\u00a0 &#8211; potpredsjednica Op\u0107inskog vije\u0107a<\/p>\n<p style=\"text-align: center;\">3.\u017deljko Jakopovi\u0107 HDZ<\/p>\n<p style=\"text-align: center;\">4.Andrijana Plavi\u00a0 HDZ<\/p>\n<p style=\"text-align: center;\">5.Slavko Kne\u017eevi\u0107\u00a0 HDZ<\/p>\n<p style=\"text-align: center;\">6.Tomislav Bri\u0161\u00a0\u00a0\u00a0\u00a0\u00a0\u00a0 HDZ<\/p>\n<p style=\"text-align: center;\">7.Sla\u0111ana \u0160vajda\u00a0\u00a0 HDZ<\/p>\n<p style=\"text-align: center;\">8.Mara \u0160imi\u0107\u00a0\u00a0\u00a0\u00a0\u00a0\u00a0\u00a0\u00a0 HSU<\/p>\n<p style=\"text-align: center;\">9.Ivan Radi\u010devi\u0107\u00a0\u00a0\u00a0 HDZ<\/p>\n<p style=\"text-align: center;\">10.Antun Emi\u0107\u00a0\u00a0\u00a0\u00a0\u00a0 SDP<\/p>\n<p style=\"text-align: center;\">11.Danijela Beretin\u00a0 SDP<\/p>\n<p style=\"text-align: center;\">12.\u017darko Neme\u010dek\u00a0 HDSSB<\/p>\n<p style=\"text-align: center;\">13.\u017deljko Mati\u0107\u00a0\u00a0\u00a0 DP<\/p>\n","protected":false},"excerpt":{"rendered":"<p>Sastav op\u0107inskog vije\u0107a : 1.\u017deljko \u0160uti\u0107,\u00a0\u00a0 HDZ\u00a0\u00a0\u00a0\u00a0\u00a0\u00a0 -predsjednik Op\u0107inskog vije\u0107a 2.Vera Gavran\u00a0 HDZ\u00a0\u00a0\u00a0\u00a0\u00a0\u00a0 &#8211; potpredsjednica Op\u0107inskog vije\u0107a 3.\u017deljko Jakopovi\u0107 HDZ 4.Andrijana Plavi\u00a0 HDZ 5.Slavko Kne\u017eevi\u0107\u00a0 HDZ 6.Tomislav Bri\u0161\u00a0\u00a0\u00a0\u00a0\u00a0\u00a0 HDZ 7.Sla\u0111ana \u0160vajda\u00a0\u00a0 HDZ 8.Mara \u0160imi\u0107\u00a0\u00a0\u00a0\u00a0\u00a0\u00a0\u00a0\u00a0 HSU 9.Ivan Radi\u010devi\u0107\u00a0\u00a0\u00a0 HDZ 10.Antun Emi\u0107\u00a0\u00a0\u00a0\u00a0\u00a0 SDP 11.Danijela Beretin\u00a0 SDP 12.\u017darko Neme\u010dek\u00a0 HDSSB 13.\u017deljko Mati\u0107\u00a0\u00a0\u00a0 DP<\/p>\n","protected":false},"author":1,"featured_media":0,"parent":0,"menu_order":0,"comment_status":"closed","ping_status":"closed","template":"","meta":[],"_links":{"self":[{"href":"http:\/\/opcina-caglin.hr\/arhiva\/wp-json\/wp\/v2\/pages\/1060"}],"collection":[{"href":"http:\/\/opcina-caglin.hr\/arhiva\/wp-json\/wp\/v2\/pages"}],"about":[{"href":"http:\/\/opcina-caglin.hr\/arhiva\/wp-json\/wp\/v2\/types\/page"}],"author":[{"embeddable":true,"href":"http:\/\/opcina-caglin.hr\/arhiva\/wp-json\/wp\/v2\/users\/1"}],"replies":[{"embeddable":true,"href":"http:\/\/opcina-caglin.hr\/arhiva\/wp-json\/wp\/v2\/comments?post=1060"}],"version-history":[{"count":5,"href":"http:\/\/opcina-caglin.hr\/arhiva\/wp-json\/wp\/v2\/pages\/1060\/revisions"}],"predecessor-version":[{"id":3045,"href":"http:\/\/opcina-caglin.hr\/arhiva\/wp-json\/wp\/v2\/pages\/1060\/revisions\/3045"}],"wp:attachment":[{"href":"http:\/\/opcina-caglin.hr\/arhiva\/wp-json\/wp\/v2\/media?parent=1060"}],"curies":[{"name":"wp","href":"https:\/\/api.w.org\/{rel}","templated":true}]}}